t is the ten thousands digit of 7 - (-31 + 8 - 18291)?
1
Let i(z) = 263*z + 14833. What is the hundreds digit of i(0)?
8
Suppose 0 = 4*u + 622 - 2310. Let b = u + -276. Let w = 253 - b. What is the units digit of w?
7
Let p(g) = -14801*g**2 + 3*g - 3. Let r be p(1). Let x be r/209 + ((-4)/11)/2. Let k = 70 - x. What is the tens digit of k?
4
Let u = 43 + -79. Let m be 576/(-26) + 6/39. Let s = m - u. What is the tens digit of s?
1
Suppose 239013 = 3*o + 2*w, -3*o + 196275 + 42693 = -3*w. What is the thousands digit of o?
9
Let l = 19050 - 4255. What is the ten thousands digit of l?
1
Let t(x) = 2*x**3 - 50*x**2 + 405*x + 36. What is the units digit of t(11)?
3
Let i = 87 - 68. Suppose -b = -9 - i. Suppose -32*v = -b*v - 92. What is the tens digit of v?
2
Suppose -5*o - 4*y - 32 = 0, o + 3*y - 3 = 4*o. Let r be (-110352)/10 - o/(-5). What is the tens digit of (r/(-445))/(4/10 + 0)?
6
Suppose y = -5*m + 196464, 7*y - 5*y + 117881 = 3*m. What is the tens digit of m?
9
Let g(b) = 325*b**3 - 49*b**2 + 9*b - 7. What is the units digit of g(3)?
4
What is the units digit of 23333 + (-117)/(-9) + -20?
6
Suppose 14907*f - 14906*f - 74432 = -m, 3*f = 5*m - 372112. What is the thousands digit of m?
4
Let p(m) = 33*m**2 + 62*m + 1741. What is the ten thousands digit of p(-19)?
1
Suppose 15*c = 13*c + 30. Suppose -w + 3*l - 2*l = 0, 4*l - c = -w. Suppose -w*t + 210 = -111. What is the tens digit of t?
0
Suppose -176*l + 169*l = -9429. Let o = l + -906. What is the units digit of o?
1
Suppose 0 = -92*a + 82*a + 20320. Suppose -4*r = -12, -8*r + 4*r + a = 2*g. What is the tens digit of g?
1
What is the units digit of 48/32 - (-248620)/8?
9
Suppose -8*f + 24 = 4*f. Suppose -5*t - 15 - 11 = -4*b, 3*b - 8 = -f*t. What is the units digit of 1107/18 + -2 + 10/b?
2
Let l(m) = m**2 + 15*m + 4. Let j be l(-15). Suppose 2*d = j*t + 624, -3*t + 2*t = 2. What is the tens digit of d?
0
Let v(m) = 9*m**2 - m + 4. Let b be v(2). Let k = 14 + b. Let f = 117 - k. What is the units digit of f?
5
Suppose -5 = 4*d + 55. Let y(w) = 5*w**2 + w - 24*w - 6*w**2 - 12 - 18. What is the tens digit of y(d)?
9
Let s be -5*6/(-15)*10. Let x = 25 - s. What is the units digit of (3/4)/(x/180)?
7
Let a = 29 + -21. Let g be a/(-6)*-3 + 0 + 1. Suppose 0 = -g*w + 294 + 206. What is the tens digit of w?
0
Let w(n) = n**3 + 17*n**2 + 16*n + 4. Let j be w(-16). Suppose 0 = 4*r + j*k + 92, 7*k - 5*k = r + 11. What is the units digit of (-10)/(-2 + (-36)/r)?
5
Let n(s) = 241*s**2 + 8*s - 12. Let b be n(3). Let i = -1134 + b. What is the units digit of i?
7
Let y = 21 - 23. Let j be (y + 3)*-2*-140. Suppose -7*p + j = -2*p. What is the tens digit of p?
5
Suppose 18 = 12*c - 6*c. Suppose -3*z - c = -4*z. What is the units digit of 1/(-2)*(z - (80 + 5))?
1
Let g(r) = 22*r**3 + 4*r**2 - 41. Let i be g(5). Suppose -2*w - 2*l + 2812 = 0, 2*w + 3*l + 0*l = i. What is the units digit of w?
9
Let p be ((-8)/12)/(11/(83457/6)). What is the hundreds digit of ((-1)/2 + 18/(-108))*p?
5
Let v(k) = -2*k**2 + 171*k - 189*k + 21 + k**2. Let f be v(-18). Suppose 0 = f*o - 13*o - 736. What is the units digit of o?
2
Let q(u) = 2*u**2 - 6*u + 14. Let n be q(-6). Suppose -n = -l + 5*g, 0 = l - 0*g - 3*g - 124. What is the units digit of l?
7
Suppose -q = -12*g - 26238, -g + 52326 = 5*q - 3*q. What is the tens digit of q?
6
Let o = 39172 + 8647. What is the thousands digit of o?
7
Let h = 32779 + 42855. What is the hundreds digit of h?
6
Let v = 2704 + -1253. Suppose 17*r = v + 8409. What is the hundreds digit of r?
5
Let f(h) = -h**3 + h**2 + 4. Let b be f(0). Suppose 1450 = 14*d - b*d. What is the hundreds digit of d?
1
Suppose -32400 = -3*n + i, -4*n - i - 17044 + 60237 = 0. What is the units digit of n?
9
Let b(o) = 8*o**2 + 56*o + 201. What is the hundreds digit of b(-34)?
5
Suppose -5*a = -3*i + 1 + 5, -4*i = -a + 9. What is the tens digit of (144 + 2)/(i/(-12))?
8
Let w(s) = 3*s**2 + 104. Let j(f) = 3*f**2 + 105. Let r be (56/(-12) - -4)/(2/6). Let v(c) = r*w(c) + 3*j(c). What is the hundreds digit of v(0)?
1
Suppose -2*u + 58 = 4*z, 3*u = -3*z + 13 + 35. Let n(s) = -s**3 + 13*s**2 - 2*s - 19. Let t be n(z). Let x = 82 + t. What is the tens digit of x?
3
Suppose 25 = -9*s + 14*s, -5*s + 19745 = 5*g. What is the units digit of g?
4
Suppose y + 2*h = -3*y - 22, 2 = -2*y + 2*h. What is the units digit of 0 + (y - 1)/(-5) - -435?
6
Let q = 1836 - 1824. Suppose 0 = -2*t - 5*j - 12, -3*j = -6 + 18. Suppose 5*d - 322 = -v + 5*v, -t*v = q. What is the units digit of d?
2
Let p(k) = -k**3 + 4*k**2 - 6. Let n be p(-7). Let q = n - -377. What is the tens digit of q?
1
What is the hundreds digit of 6*((-11470)/(-7))/((-9)/(-21))?
9
Suppose 265*r - 3*g = 267*r - 72134, 5*r - 180371 = -3*g. What is the units digit of r?
9
Suppose 0 = 2*o - 2, 3*o = -5*r + 15*o + 229803. What is the hundreds digit of r?
9
Suppose 9*a - 24 = a. Suppose -f + 2*f - 24 = -a*m, -5*m + 92 = 3*f. Suppose 40*s = f*s + 95. What is the units digit of s?
5
Let t be -183*(65/(-15) - -6) + -5. Let h = 292 - t. What is the units digit of h?
2
Let b(t) = 4*t**2 - 112*t - 47. Let i be b(28). Let g = 349 - i. What is the units digit of g?
6
Let u be (-27)/18*(-6)/(-3). What is the units digit of (-18)/u - (-201 + -4)?
1
Suppose 143038 = 18*m + 37684. What is the hundreds digit of m?
8
Let a(r) = r**2 - 4*r - 29. Let z be a(-13). Suppose 2*p = -0*p - z. What is the tens digit of (1 - p) + 0/(-10)?
9
Let o(h) = h**2 - 46. Let f be o(7). Suppose -4*y = -5*s + 529, -f*y = -3*s - 84 + 399. What is the hundreds digit of s?
1
Suppose 3599*v - 10 = 3589*v. Let k(z) = 3 - 1 - z + 10*z. What is the tens digit of k(v)?
1
What is the hundreds digit of (-150)/(-800)*16 - (-66663 - 0)?
6
Suppose -2*y - 2*d - 3598 = -12034, -d + 4 = 0. What is the hundreds digit of y?
2
Suppose 148310 = 17*s - u, -314*s + 309*s + 3*u = -43626. What is the units digit of s?
4
Suppose -7*n + 248 = -3518. Suppose -1361 = n*v - 539*v. What is the units digit of v?
1
Let j(n) = -22*n - 142 - 22*n + 10*n + 5*n. What is the hundreds digit of j(-14)?
2
Suppose -824 = -2*r + f, 5*r + 10*f = 12*f + 2061. Let k = r + -279. What is the tens digit of k?
3
Suppose 7*d - 8*d + 2 = 0. Suppose 2*k - 2 - 11 = -5*u, 7 = -k + d*u. What is the tens digit of (-300)/(-3) + k*4?
9
Let j(v) = -59*v + 2. Suppose 0 = -4*t - 14*t - 18. Let u be j(t). Let q = u - 6. What is the units digit of q?
5
What is the units digit of (4 + 32421)/(6 + -5)?
5
Let k(s) = 2*s**2 - 38*s - 237. Let a = -466 + 503. What is the tens digit of k(a)?
9
Let k(f) = 1136*f + 14535. What is the units digit of k(56)?
1
Suppose -3*b = b. Suppose 118 = a - 3*u - u, b = -a + 2*u + 110. Let r = a - 27. What is the units digit of r?
5
Let l(v) = -2 - 4*v + 2*v + 10 + 20. Suppose -6*u + 4*f = -u + 55, f = 0. What is the units digit of l(u)?
0
Suppose t + 24 = -4*b, -3*b = 4*t - t + 27. Let i be (2/t)/(1/(-10)). Suppose -i*x = -0*x - 395. What is the tens digit of x?
7
Suppose 6*m = 5*m - 4, -2*m = -s. Let x(f) be the second derivative of f**4/4 + 4*f**3/3 - 25*f**2/2 + 16*f. What is the tens digit of x(s)?
0
Let j = 20 + -16. Suppose -4*s = -j*c - 12, -3*c + 1 = 5*s - c. What is the tens digit of 1*(s + -2 + 42)?
4
Let g = -17837 + 35225. What is the ten thousands digit of g?
1
Suppose 3*z - 127663 = -4*w, 2*w + 83*z = 88*z + 63825. What is the tens digit of w?
1
Suppose -11822 - 6994 = -7*r. What is the tens digit of r?
8
Suppose 622539 = 60*s - 951201. What is the tens digit of s?
2
Let h = -18876 - -39419. What is the units digit of h?
3
Let j be (-416)/(-112) + 4/14. Suppose l - j*u + 526 = 3*l, l + 4*u = 267. What is the tens digit of l?
5
Suppose -3*b + 831 + 2665 = 2*m, -20 = -5*b. What is the hundreds digit of m?
7
Suppose f + 92 = -0*f + z, -f - 96 = 3*z. Let s = 419 + f. What is the units digit of s?
6
Suppose -2*m + t = -9928, 730*m + 4*t = 725*m + 24859. What is the tens digit of m?
6
Suppose -4*n - 2400 = -3*j, -5*j + 4*j - 4*n = -816. Suppose 167*u - j = 161*u. What is the units digit of u?
4
Suppose 2991 = 4*k + 5*w, -w - 3729 = -5*k - 4*w. Let d = 1255 - k. What is the units digit of d?
1
Let d be (20/(-6))/(4/84). Suppose 23*u - 22*u - 1 = 0. Let p = u - d. What is the tens digit of p?
7
Suppose 0*g - 21 = -3*g. Suppose g*u + 621 